at is 0 - -2654?
2654
In base 14, what is 3 + -422?
-41d
In base 5, what is -4 + 243?
234
In base 3, what is -1112121 + 20?
-1112101
In base 13, what is -5 + -724?
-729
In base 16, what is 0 + 1b?
1b
In base 11, what is -1492 + a?
-1483
In base 12, what is -a5 + -13?
-b8
In base 8, what is 155 - 22?
133
In base 13, what is b + 9?
17
In base 6, what is 24025 + 3?
24032
In base 4, what is 30133 - 30?
30103
In base 11, what is 10 + 626?
636
In base 8, what is 20 + 11?
31
In base 9, what is -1805 + 1?
-1804
In base 13, what is 1 + -a?
-9
In base 2, what is 10001 - 11111?
-1110
In base 16, what is 292 + 7?
299
In base 4, what is 20213 - -2?
20221
In base 4, what is 11 + 2021?
2032
In base 16, what is 5 + -18?
-13
In base 8, what is 115 - 14?
101
In base 2, what is 11110000001101 - -101?
11110000010010
In base 12, what is 4 + 133?
137
In base 9, what is -1317 + 16?
-1301
In base 2, what is 110000010 + 1?
110000011
In base 6, what is -10400 - 4?
-10404
In base 12, what is 2 - 16?
-14
In base 13, what is -60 - 10?
-70
In base 12, what is 0 + 81?
81
In base 11, what is 2 + 1301?
1303
In base 7, what is -5 + -135?
-143
In base 8, what is 120 + 2?
122
In base 10, what is -3 - 1603?
-1606
In base 2, what is 1100 + 101000001110?
101000011010
In base 15, what is 7 - -30?
37
In base 3, what is 120 + 100?
220
In base 11, what is -3a77 + 5?
-3a72
In base 11, what is 2013 + 1?
2014
In base 6, what is 200 + -1?
155
In base 9, what is -43 - -1?
-42
In base 12, what is -4 - 256?
-25a
In base 5, what is 13 + -11002?
-10434
In base 9, what is -22 + 8?
-13
In base 7, what is -13043 - 0?
-13043
In base 5, what is 301 + 3?
304
In base 4, what is 102222 + -2?
102220
In base 10, what is 32 - -539?
571
In base 3, what is -11 - -2011?
2000
In base 16, what is 50 - -94?
e4
In base 7, what is 5 + 62?
100
In base 13, what is 34 + 95?
c9
In base 15, what is -31 - -2?
-2e
In base 14, what is 24 - -3?
27
In base 16, what is 4 - -11?
15
In base 3, what is 102112122 - -12?
102112211
In base 2, what is -10100100 + 11000?
-10001100
In base 10, what is 2 - -95?
97
In base 16, what is -e - 433?
-441
In base 15, what is 0 - d2?
-d2
In base 15, what is -1 - -1d?
1c
In base 10, what is 2 - 952?
-950
In base 13, what is 21 + -1c?
2
In base 4, what is -3020 - 10?
-3030
In base 16, what is -2b - -3?
-28
In base 12, what is 29 + -11?
18
In base 11, what is 1 + -5?
-4
In base 3, what is -2010 + -2?
-2012
In base 8, what is 1253 + 3?
1256
In base 9, what is -820 + -2?
-822
In base 16, what is 8 + -34?
-2c
In base 6, what is 1 - -13?
14
In base 4, what is -3 + -332200?
-332203
In base 11, what is 0 + -32?
-32
In base 5, what is -101120 - 2?
-101122
In base 14, what is 13 + 17?
2a
In base 8, what is 3 + 207?
212
In base 6, what is 5 + -10431?
-10422
In base 14, what is -8 + -104?
-10c
In base 15, what is 2 - -45?
47
In base 7, what is 50 - -6?
56
In base 13, what is -73c + -2?
-741
In base 15, what is 1 - -24?
25
In base 15, what is 3 - -53?
56
In base 2, what is 111 + -100000110?
-11111111
In base 13, what is 1 - 242?
-241
In base 15, what is -5 - -59?
54
In base 9, what is -5 - 36?
-42
In base 5, what is 1222 + -3?
1214
In base 6, what is 24 + -24?
0
In base 3, what is -1 + 2012?
2011
In base 6, what is -33520 + 1?
-33515
In base 6, what is -1 + 52?
51
In base 14, what is 2 - 13?
-11
In base 4, what is -320100 - -1?
-320033
In base 6, what is 33231 + 5?
33240
In base 16, what is -2 - -26?
24
In base 4, what is 11 - 10200?
-10123
In base 5, what is 133 - -30?
213
In base 6, what is -5 - 1423?
-1432
In base 7, what is -5 - 1043?
-1051
In base 2, what is -100011011101 - -100?
-100011011001
In base 15, what is 1d3 + 2?
1d5
In base 10, what is 39 - -41?
80
In base 9, what is -85 + -5?
-101
In base 11, what is -95 - -25?
-70
In base 11, what is 1124 - 3?
1121
In base 14, what is -49 - -77?
2c
In base 11, what is 1 - -202?
203
In base 8, what is -30556 - 5?
-30563
In base 16, what is -8ba + -2?
-8bc
In base 16, what is -e + 10?
2
In base 12, what is 16 + -7?
b
In base 4, what is -1100 - -21?
-1013
In base 8, what is 2 - 125?
-123
In base 13, what is 15a5 - -5?
15aa
In base 12, what is 180 - 1?
17b
In base 8, what is 5123 - -2?
5125
In base 10, what is 5 - -115?
120
In base 15, what is 21 + -1a?
6
In base 2, what is 100000 - 0?
100000
In base 13, what is 103 + -2?
101
In base 15, what is -64 + -a?
-6e
In base 6, what is 5 + -504?
-455
In base 2, what is 11010 + 11001?
110011
In base 9, what is 2327 + 4?
2332
In base 3, what is -200000 - 10?
-200010
In base 6, what is -1035 + -12?
-1051
In base 14, what is 8 - -2?
a
In base 10, what is 33 - -70?
103
In base 4, what is -102 + -10?
-112
In base 5, what is 13413 - 1?
13412
In base 9, what is -4 - -200?
185
In base 5, what is -10 - -144?
134
In base 9, what is 7 + 47?
55
In base 11, what is 1 - -5a?
60
In base 14, what is 4 - 22a?
-226
In base 12, what is 3 - -60?
63
In base 12, what is -16 - -8?
-a
In base 10, what is 401 + -4?
397
In base 4, what is 2313 - 1?
2312
In base 3, what is -2 + 1001?
222
In base 9, what is 5 - -137?
143
In base 14, what is b5 + 1?
b6
In base 14, what is c + 8?
16
In base 14, what is -3 + 33?
30
In base 8, what is -13 - -15?
2
In base 8, what is -344 + 235?
-107
In base 8, what is -41 - -10?
-31
In base 14, what is 5 + -4?
1
In base 15, what is -3 + 1b8?
1b5
In base 2, what is 11011 + -111?
10100
In base 7, what is -332 + 2?
-330
In base 2, what is 10100100 - -11?
10100111
In base 14, what is 3 + 1ad2?
1ad5
In base 5, what is 11444 + 0?
11444
In base 3, what is 10211 - -11?
10222
In base 16, what is -19e - -3?
-19b
In base 6, what is -4005 + 2?
-4003
In base 13, what is 2 - -25?
27
In base 5, what is -3 - 4331?
-4334
In base 11, what is 17 - -6?
22
In base 13, what is b1 + 3?
b4
In base 11, what is 164 + 4?
168
In base 12, what is 8a + -5?
85
In base 13, what is -3 + 31?
2b
In base 12, what is 5 + 221?
226
In base 7, what is -1021 - 26?
-1050
In base 2, what is 0 + -1101011101011?
-1101011101011
In base 8, what is -5 + 1732?
1725
In base 8, what is 36552 - 5?
36545
In base 5, what is 1233 + -10?
1223
In base 11, what is -215 - -3?
-212
In base 16, what is -6 - -8d?
87
In base 12, what is -8a6 + -2?
-8a8
In base 3, what is 11022 - -220?
12012
In base 15, what is -3 - -1be?
1bb
In base 12, what is 438 - -4?
440
In base 2, what is -101 + -1010001100000?
-1010001100101
In base 11, what is 1 - 308?
-307
In base 14, what is 77 - 39?
3c
In base 12, what is 57 - 67?
-10
In base 4, what is -11 + -23133?
-23210
In base 13, what is -74 - -3?
-71
In base 2, what is 10111000 - 100?
10110100
In base 3, what is 21010 + -22?
20211
In base 11, what is -6 - 22?
-28
In base 2, what is 100110 + 10011010?
11000000
In base 3, what is 12 - 11022?
-11010
In base 16, what is 85 - -7?
8c
In base 8, what is 35 + 1241?
1276
In base 13, what is -58 - 5?
-60
In base 4, what is -133 - -12?
-121
In base 13, what is -3b2 + 0?
-3b2
In base 12, what is -44 + 4?
-40
In base 13, what is -2 - 39?
-3b
In base 6, what is 15 - -13210?
13225
In base 7, what is -4 + -100?
-104
In base 11, what is -136 - 2?
-138
In base 10, what is 379 + -5?
374
In base 13, what is 0 + 200?
200
In base 12, what is -377 + -5?
-380
In base 14, what is -1 - a1?
-a2
In base 6, what is -4 - -3423?
3415
In base 8, what is 264 - 1?
263
In base 6, what is -103304 - 3?
-103311
In base 15, what is 3 + 14a?
14d
In base 8, what is 4 - -14?
20
In base 16, what is 5 + -22?
-1d
In base 3, what is -1 + 112012?
112011
In base 11, what is -a1 - -a?
-92
In base 15, what is -27d2 - 3?
-27d5
In base 14, what is 10 + 1?
11
In base 8, what is -4 - -2332?
2326
In base 10, what is 255 - -3?
258
In base 14, what is -82 + 11?
-71
In base 7, what is -10 - -1443?
1433
In base 15, what is -57 - 0?
-57
In base 9, what is 5 - 2?
3
In base 8, what is 5 - -13337?
13344
In base 4, what is -112 - -300?
122
In base 14, what is -23 - c?
-31
In base 15, what is -5 + 47?
42
In base 16, what is -d + -2?
-f
In base 2, what is -1 + -10101110?
-10101111
In base 9, what is 4 - -12765?
12770
In base 9, what is 1 + -120?
-118
In base 5, what is -14311 + 10?
-14301
In base 5, what is 332 + 2?
334
In base 15, what is 3 - -143?
146
In base 7, what is 3066 - 5?
3061
In base 7, what is 1232 - 1?
1231
In base 4, what is -130122 - 0?
-1